2)?
-34
Let y(p) = -31*p - 42. Calculate y(-6).
144
Let r(p) = p**2 - 18*p + 44. Calculate r(12).
-28
Let w(a) = -11*a + 36. What is w(8)?
-52
Let w(h) = -h**2 - 21*h - 70. What is w(-4)?
-2
Let l(q) = 5*q + 42. Give l(-10).
-8
Let f(t) = -5*t**2 + 82*t + 39. Calculate f(17).
-12
Let f(o) = o**3 + 7*o**2 + 7*o + 18. Determine f(-6).
12
Let a(y) = y - 3. Determine a(8).
5
Let p(r) = -r**3 + 10*r**2 + 7*r + 42. Give p(11).
-2
Let y(m) = m**2 + m - 58. What is y(0)?
-58
Let y(g) = g**3 - 2*g**2 - 14*g + 25. Determine y(5).
30
Let m(f) = 3*f**2 + 2*f + 6. Give m(-4).
46
Let g(p) = -p**2 - 2*p. Give g(-5).
-15
Let w(r) = -r**2 + r - 7. Give w(5).
-27
Let h(d) = 27*d. What is h(2)?
54
Let f(q) = 4*q - 1. Determine f(1).
3
Let g(b) = 13*b + 7. What is g(2)?
33
Let s(a) = 2*a - 49. What is s(19)?
-11
Let w(r) = r**3 - 30. Calculate w(0).
-30
Let b(c) = 13*c + 90. Give b(-8).
-14
Let z(v) = v**3 - 10*v**2 - 27. What is z(10)?
-27
Let d(l) = 8*l**2 + 3*l - 7. What is d(2)?
31
Let n(h) = 53*h**2 - 4*h - 4. What is n(-1)?
53
Let w(p) = -p**3 - 10*p**2 + 12*p + 11. Calculate w(-11).
0
Let w(q) = -q**2 - 40*q - 365. Give w(-26).
-1
Let x(a) = -9*a + 7. Give x(-10).
97
Let g(b) = -b**3 + 7*b**2 - b - 8. Calculate g(7).
-15
Let d(g) = 5*g + 124. Give d(-25).
-1
Let w(u) = -10*u + 45. What is w(5)?
-5
Let i(v) = 2*v**3 - 30*v**2 + 2*v - 37. What is i(15)?
-7
Let m(q) = -2*q**2 - 20*q. Determine m(-10).
0
Let j(n) = -n - 11. Calculate j(-13).
2
Let y(z) = -3*z - 7. What is y(-1)?
-4
Let p(b) = b**2 + 9*b - 42. Determine p(-13).
10
Let c(w) = w**2 + 9*w + 21. Calculate c(-9).
21
Let h(i) = 2*i - 5. Determine h(-6).
-17
Let s(v) = -v + 1. Determine s(5).
-4
Let y(g) = 50*g + 5. Give y(-3).
-145
Let b(c) = 27*c - 136. What is b(5)?
-1
Let v(y) = y**3 - 4*y**2 - 3*y - 3. Calculate v(3).
-21
Let f(c) = c**2 - 3*c + 3. What is f(4)?
7
Let j(d) = d**2 - 28*d + 62. What is j(26)?
10
Let b(m) = m**2 - 20*m + 12. Determine b(18).
-24
Let w(s) = s**3 - 16*s**2 - 4*s + 84. Calculate w(16).
20
Let i(x) = 7*x + 25. Give i(8).
81
Let r(a) = 13*a**3 + a**2 - 2*a + 1. Calculate r(1).
13
Let l(x) = x**3 + 13*x**2 - 5*x + 3. What is l(-13)?
68
Let i(o) = -3*o - 98. Give i(-29).
-11
Let f(o) = -o**2 + 6*o - 9. Calculate f(7).
-16
Let s(u) = -2*u**3 + 3*u**2 + 8*u - 19. Determine s(2).
-7
Let j(l) = -2*l - 13. Determine j(5).
-23
Let i(v) = 5*v**3 - 7*v**2. Determine i(3).
72
Let a(q) = -21*q - 115. Calculate a(-6).
11
Let h(z) = 6*z - 5. Calculate h(-2).
-17
Let j(i) = 3*i**2 + 26*i - 154. What is j(4)?
-2
Let s(t) = -3*t + 8. Calculate s(3).
-1
Let r(t) = t**2 + 7*t - 53. What is r(-11)?
-9
Let d(u) = -10*u**2 - 93*u - 98. Calculate d(-8).
6
Let g(i) = -i**3 + 5*i**2 - 4*i - 2. What is g(5)?
-22
Let h(x) = 10*x - 166. What is h(17)?
4
Let s(w) = -3*w**2 - 4*w + 1. Calculate s(-3).
-14
Let v(n) = n**2 - 13*n + 6. Determine v(11).
-16
Let p(h) = -2*h**2 + 5*h - 2. Determine p(4).
-14
Let t(f) = 31*f**3 + f**2 - f - 1. Give t(-1).
-30
Let z(m) = -m**2 + 6*m + 32. Give z(-4).
-8
Let p(r) = 8*r - 6. What is p(1)?
2
Let d(m) = 38*m + 32. What is d(-1)?
-6
Let f(c) = c**2 + 9*c + 18. Determine f(-7).
4
Let x(g) = -g**3 - 10*g**2 + 15*g + 45. What is x(-11)?
1
Let v(z) = z**3 + z**2 - 111. What is v(0)?
-111
Let g(q) = -2*q**2 - 3*q - 7. Determine g(6).
-97
Let g(t) = 25*t + 19. What is g(-2)?
-31
Let u(w) = -w**2 - 9*w + 12. Determine u(-9).
12
Let l(x) = -x**2 - x + 86. Determine l(0).
86
Let d(m) = -4*m**2 - 51*m - 39. Determine d(-12).
-3
Let a(f) = 11*f - 9. Give a(6).
57
Let l(m) = 34*m**2 - 2*m - 2. Calculate l(-1).
34
Let t(y) = 8*y**2 + 3*y - 2. Give t(2).
36
Let k(s) = s**3 + 2*s**2 - 4*s - 2. Calculate k(-3).
1
Let k(q) = -q**3 - 3*q**2 - 2*q - 7. Determine k(-3).
-1
Let r(m) = -m**2 - 20*m - 24. What is r(-7)?
67
Let a(i) = 2*i + 7. Determine a(5).
17
Let h(f) = -2*f**3 - f**2 - 2*f - 1. What is h(-2)?
15
Let s(g) = g**2 - g - 13. Give s(0).
-13
Let x(p) = -3*p - 16. Determine x(-4).
-4
Let y(m) = -m**2 + 26*m + 101. What is y(31)?
-54
Let k(g) = -g + 9. What is k(7)?
2
Let w(j) = -j**2 - 5*j + 1. What is w(-4)?
5
Let y(p) = -p**3 - 3*p**2 - 3*p - 8. Give y(-3).
1
Let p(v) = -v**2 - v + 7. What is p(6)?
-35
Let t(f) = -3*f**3 - 3*f**2 + 9*f + 2. Determine t(2).
-16
Let f(z) = z**3 + 12*z**2 - 15*z - 41. Determine f(-12).
139
Let o(t) = -61*t + 361. Determine o(6).
-5
Let m(z) = -2*z**3 - 3*z**2 - z - 4. What is m(-3)?
26
Let a(q) = 4*q - 2. Determine a(1).
2
Let w(z) = 3*z + 40. Calculate w(-17).
-11
Let q(m) = -m**3 + 9*m**2 - 5*m + 4. Give q(8).
28
Let d(r) = -r**3 + 7*r**2 - 4*r + 7. Determine d(6).
19
Let z(d) = d**3 + 2*d**2 + 5. Determine z(-3).
-4
Let j(i) = -i**3 - 5*i**2 - 3*i + 8. Calculate j(-4).
4
Let y(t) = -2*t - 26. Give y(19).
-64
Let b(r) = -r**3 - 6*r**2 + 4*r + 7. Determine b(-6).
-17
Let b(k) = k**2 + 15*k + 14. Determine b(-13).
-12
Let x(i) = -i**3 - 7*i**2 - 9*i - 13. What is x(-6)?
5
Let g(p) = -17*p**2 - 4*p - 3. Determine g(-1).
-16
Let t(s) = 2*s + 17. Calculate t(-9).
-1
Let u(k) = 2*k**2 - k - 8. Give u(-5).
47
Let w(y) = y**2 + 16*y + 7. What is w(-19)?
64
Let z(l) = -l**3 + 7*l**2 + 8*l - 8. Determine z(8).
-8
Let k(q) = q**3 + 2*q**2 + 9*q + 8. What is k(-3)?
-28
Let n(x) = 4*x - 20. Determine n(0).
-20
Let p(m) = m**3 + 4*m**2 - 3*m - 3. Calculate p(-3).
15
Let a(l) = -26*l + 24. Calculate a(3).
-54
Let o(v) = 112*v**2 + 2*v - 2. Give o(1).
112
Let t(d) = -d**3 - 11*d**2 - 15*d + 15. Give t(-9).
-12
Let u(a) = 7*a + 14. Determine u(-9).
-49
Let l(a) = a**3 + 6*a**2 - 16*a. What is l(-8)?
0
Let u(w) = -16*w + 55. Give u(8).
-73
Let c(z) = z**3 + 11*z**2 + 10*z - 10. Calculate c(-10).
-10
Let a(f) = 12*f + 11. Determine a(-11).
-121
Let k(a) = -4*a - 44. Give k(-8).
-12
Let s(b) = 12*b + 40. Calculate s(-2).
16
Let v(m) = m + 25. Give v(-28).
-3
Let u(a) = -a**3 + 16*a**2 - 16*a + 18. Determine u(15).
3
Let m(q) = -8*q**2 - 17*q + 19. Determine m(1).
-6
Let g(m) = 2*m**3 - 18*m**2 - 22*m + 13. Give g(10).
-7
Let z(j) = j**3 - 6*j**2 + 7*j. Calculate z(5).
10
Let i(t) = -3*t + 7. Calculate i(5).
-8
Let n(t) = -t**3 - 6*t**2 + 8*t - 1. Calculate n(-7).
-8
Let z(y) = y**3 - 10*y**2 + 11*y - 3. Give z(8).
-43
Let x(c) = -c**3 - c**2 + 5*c - 5. Determine x(2).
-7
Let f(o) = -o**2 - 2*o + 11. Calculate f(4).
-13
Let b(k) = -k**3 + 3*k**2 + 7*k - 13. Give b(4).
-1
Let r(b) = -b**3 + 6*b**2 + 5*b - 32. Determine r(6).
-2
Let i(x) = -2*x**2 + 4*x - 9. Determine i(5).
-39
Let y(o) = -o**3 - 6*o**2 + 26*o - 5. Give y(-9).
4
Let b(g) = g**2 + 18*g + 80. Give b(-6).
8
Let b(d) = 8*d - 105. Calculate b(15).
15
Let j(v) = 19*v + 2. Give j(-1).
-17
Let y(u) = -15*u + 6. Give y(-1).
21
Let c(p) = 2*p**2 - 83*p + 116. Calculate c(40).
-4
Let y(d) = -42*d - 13. Calculate y(-5).
197
Let j(b) = b**2 + 2*b + 3. What is j(-6)?
27
Let m(u) = u**3 + u**2 + u + 59. What is m(0)?
59
Let b(n) = -n - 7. What is b(6)?
-13
Let j(u) = 8*u + 19. Give j(-4).
-13
Let h(g) = -5*g + 12. Give h(3).
-3
Let l(j) = -j**3 - 9*j**2 - 9. What is l(-9)?
-9
Let a(d) = 7*d**2 + 75*d - 75. Calculate a(1).
7
Let s(n) = n**2 + 7*n - 4. Give s(-7).
-4
Let r(z) = 2*z**2 + 25*z - 40. Determine r(-14).
2
Let n(o) = -8*o**2 - 86*o - 54. Determine n(-10).
6
Let z(s) = s**3 - 14*s**2 + s + 7. Calculate z(14).
21
Let w(c) = -c**2 - 5*c + 31. Calculate w(0).
31
Let u(g) = -5*g + 107. Calculate u(23).
-8
Let s(q) = q**3 - 3*q**2 + 4. Give s(3).
4
Let s(k) = k**2 + 23*k + 17. Determine s(-22).
-5
Let l(b) = 4*b - 14. What is l(5)?
6
Let c(o) = -2*o - 27. Determine c(-12).
-3
Let p(o) = -2*o**3 - 3*o**2 - 9*o - 7. Give p(-3).
47
Let s(g) = -g**3 - 15*g**2 - g + 5. Give s(-15).
20
Let b(m) = -8*m**2 + m + 1. Determine b(2).
-29
Let u(r) = -r**3 + 2*r**2 + 8*r + 3. Give u(4).
3
Let m(t) = -3*t + 2. What is m(5)?
-13
Let c(p) = p**3 + 6*p**2 + 2*p - 9. Determine c(-4).
15
Let m(d) = 4*d - 29. Determine m(9).
7
Let n(j) = -j + 4. Calculate n(-2).
6
Let l(f) = -2*f - 5. Calculate l(-4).
3
Let n(g) = -7*g - 9. What is n(0)?
-9
Let a(y) = -y**2 - 2*y + 131. Give a(11).
-12
Let f(o) = 24*o - 91. What is f(4)?
5
Let v(d) = -d + 22. What is v(0)?
22
Let o(c) = c**2 - c - 4. Calculate o(2).
-2
Let p(l) = -l - 63. Give p(26).
-89
Let w(t) = t**3 - 16*t**2 + 31*t - 34. Calculate w(14).
8
Let j(y) = 4*y + 22. What 